e 0/(-4)*(-2)/(-2). Suppose -i + 25 = 5*j, -2*i + 18 = 2*j - x*i. Suppose j*g - 460 = -g. What is the highest common divisor of g and 23?
23
Let b be 30/(-40)*(-16)/6. Let r = b + 12. What is the highest common divisor of r and 70?
14
Suppose -2*k = 1 + 7. Let d(p) = -4*p**2 + p + 6. Let m be d(k). Let a = 95 + m. Calculate the greatest common factor of a and 3.
3
Let r(n) = 81*n + 12. Let t be r(-6). Let l be 2/(-2)*(-698 - 1). Let v = t + l. Calculate the greatest common factor of v and 25.
25
Suppose 3*m = 8*m - 145. Suppose -g = 4*g - 2*q - 41, 5*g - m = -2*q. Suppose g*j = j + 96. What is the greatest common divisor of j and 24?
8
Suppose 20 = -4*q, 0 = 5*y + q + 257 - 882. Calculate the highest common factor of 18 and y.
18
Let h = -208 - -368. Suppose l - h = -4*l. Calculate the greatest common divisor of l and 64.
32
Suppose 10 = 4*o - 30. Let i = -3 + 4. Suppose l + i = o. What is the highest common divisor of 63 and l?
9
Let q(g) = -g**3 - g**2 - 7*g + 32. Let y be q(0). Calculate the highest common factor of y and 40.
8
Suppose 0 = 5*q - 5. Let k(h) = 24*h - 473. Let v be k(20). Calculate the greatest common divisor of q and v.
1
Suppose -54 = -4*w + 650. What is the highest common divisor of w and 22?
22
Let n(d) = 10*d - 14. Let x = 32 - 26. Let z be n(x). Let m(i) = -3*i + 8. Let c be m(-5). Calculate the greatest common divisor of z and c.
23
Let k be -547*(-1)/5 - 6/(-10). Let p = k + -105. Calculate the highest common divisor of 40 and p.
5
Let l(h) = -h**2 - 6*h - 1. Suppose 16 = -5*m - 4. Let w be l(m). Let y(t) = 3*t**2 - 11*t + 10. Let a be y(w). What is the highest common divisor of 16 and a?
16
Let h be 6/(-16) + (-45900)/(-544). What is the greatest common factor of 63 and h?
21
Suppose 4*r + 170 = 1626. Suppose 40 = -6*n + r. Let t be (6/(-2))/((-1)/2). What is the greatest common divisor of n and t?
6
Suppose -20*c - 11*c = -186. Suppose 3*a + 15 = 0, 4*d - 2*a - 23 = a. Suppose 0 = p + d*p - c. Calculate the greatest common factor of 6 and p.
2
Suppose -k = 5*t - 19, 9 = 6*t - 3*t. Let x = -1214 + 1246. Calculate the greatest common factor of x and k.
4
Let c = 4 - -6. Calculate the highest common factor of 25 and c.
5
Let p = -147 + 308. What is the highest common factor of 23 and p?
23
Let j(s) = s - 1. Let m be j(-5). Let g(i) = -2*i - 6. Let h be g(m). What is the greatest common divisor of h and 12?
6
Let q = 2 - -10. Suppose 0 = -4*o + 8*o - q. What is the greatest common factor of 3 and o?
3
Suppose -32*y - 104 = -36*y + 4*f, -79 = -3*y + 2*f. Calculate the highest common divisor of 12 and y.
3
Suppose -7*o + 20 = 4*n - 11*o, -2*n - o = -19. What is the greatest common divisor of n and 2?
2
Suppose -252 = 2*z - 4*z. Let n = 129 - z. Suppose 0 = -2*d + c + 7, 3*d - 7*d = 3*c + 11. What is the highest common divisor of d and n?
1
Let z(c) = 6*c + 48. Let s be z(24). What is the highest common divisor of s and 672?
96
Let s(c) = c - 4. Let v be s(9). Suppose 5*l - 121 = 4*j - 5, v*l + j = 121. Calculate the highest common divisor of 12 and l.
12
Suppose -g = -4*w - 1 - 0, -5*w + 2*g = 2. Suppose w = -5*p + 99 + 146. What is the greatest common divisor of 392 and p?
49
Let a = 9 - 1. Let z(q) be the third derivative of 15*q**4/8 + 11*q**3/6 - 5*q**2. Let r be z(1). What is the greatest common factor of a and r?
8
Let z = 23 - 9. Suppose t - z = 25. Suppose 0 = 4*m - 16, 2*m = -5*f + m + t. Calculate the greatest common divisor of f and 1.
1
Let c be 228/((-24)/(-4)) - (1 - 5). Suppose -2*m + 12 = -0*m. What is the highest common divisor of m and c?
6
Let m = -89 + 91. Suppose 77 = 3*s + l, m*s - 3*s + 23 = l. Calculate the highest common divisor of 36 and s.
9
Let w = 253 - 106. Let x = 90 - w. Let p be 3/(1/1) - x. What is the greatest common factor of p and 30?
30
Let k be (-1 - 2)*(-4)/6. Suppose 2*d - 2*y - 57 = y, -y = k*d - 37. Calculate the highest common divisor of 7 and d.
7
Let w = 3865 - 1330. Calculate the highest common factor of 15 and w.
15
Suppose 15 = -2*u + 5*u. Let x(n) = 15*n + 75. Let a be x(-4). What is the greatest common divisor of a and u?
5
Let q be (114/(-8))/(1/(-4)). Suppose 18 = 5*c - q. Let a = 32 - c. Calculate the highest common divisor of 34 and a.
17
Let w be 220/(-77)*(-14)/4. Suppose 0 = w*f - 5*f - 25. Let k = -31 - -86. Calculate the highest common factor of f and k.
5
Suppose -2*x = 5*j - 5, 3*x + 0 + 9 = -2*j. Let m(p) = 4*p**2 + 2*p. Let h be m(x). Calculate the greatest common factor of h and 10.
10
Let n(m) = -m**3 + 11*m**2 - m + 15. Let d be n(11). Suppose -d*r - 5*r = -234. Calculate the highest common divisor of 65 and r.
13
Let j = 51 + -16. What is the greatest common factor of j and 14?
7
Suppose -5*x - 345 = -3*l + 2*l, 2*l = 3*x + 655. Calculate the greatest common divisor of 40 and l.
40
Let j = 1778 + -1744. What is the greatest common factor of j and 14?
2
Let s = 869 - 569. Calculate the highest common divisor of s and 120.
60
Suppose -5*f + 1543 = 3*m - 9*f, -3*m - 5*f = -1534. Calculate the greatest common divisor of 19 and m.
19
Suppose -y + 963 + 158 = 0. Calculate the greatest common factor of 59 and y.
59
Let a be 2/((-8)/(-20)) + 896. Calculate the highest common factor of 53 and a.
53
Let t = -36 + 49. Suppose -6*b + 8 = -b + r, -3*b = -4*r + 9. Let j be (2 - b)*-2 - -93. Calculate the greatest common factor of t and j.
13
Let n(f) = 12 - 2*f**2 + 2*f - 2*f**2 + 5*f**2. Suppose 8*a - 22 = -70. Let j be n(a). What is the highest common divisor of j and 180?
36
Let g(m) = -3 + 3 + 10 + m. Let q be g(-6). Let w(k) = k**3 + 8*k**2 - 4*k + 65. Let x be w(-9). What is the highest common divisor of x and q?
4
Let y = -82 - -112. Calculate the greatest common factor of 35 and y.
5
Suppose 2 = -4*b + 3*b. Let m be 968/18 - b/9. Suppose 0 = 2*s + 5*i - 36, 6*s = 3*s + 2*i + m. Calculate the greatest common factor of s and 90.
18
Suppose 4*p = -2*d + 32, -2*p - 68 = -3*d + 2*p. Calculate the highest common divisor of d and 540.
20
Let n be (-6*18/8)/(45/(-960)). Calculate the highest common divisor of n and 63.
9
Let f be 23/92 + (-191)/(-4). Calculate the greatest common factor of f and 3.
3
Suppose 3*k + 73 = 4*w, 2*k - 136 = -w - 104. What is the greatest common divisor of w and 627?
11
Let j be (-2)/(-8) + (-15075)/(-180). What is the highest common divisor of 96 and j?
12
Let y = 198 - 126. Calculate the highest common divisor of 588 and y.
12
Let h = -20 - -20. Suppose -2*n + 0*n = h. Suppose c - 541 = -5*y + 182, 3*y - c - 429 = n. Calculate the greatest common factor of y and 18.
18
Let w(r) = r - 6. Let t be w(0). Let n(u) = u + 26. Let v be n(t). Calculate the highest common divisor of v and 30.
10
Let k(y) = 23*y + 134. Let i be k(-6). Let a be (-2)/(-7) - (-704)/(-14). Let c be a/(-8) + (-3)/i. What is the greatest common divisor of 28 and c?
7
Suppose r - 130 = 5*q, -2*r - 248 = -4*r - 2*q. Suppose -l + 6*l - r = 0. Calculate the highest common factor of l and 100.
25
Let g be 1/((-4)/149) - 15/20. Let h = g - -50. Suppose -18 = -3*v - 6. Calculate the highest common factor of h and v.
4
Let x(p) = -p**3 + 3*p**2 - p. Let g be x(2). Suppose 3*h + 3*b = 255, -g*h - 2*h + 338 = 2*b. Calculate the greatest common factor of 12 and h.
12
Suppose -2*t - 5*s = -3*s - 30, 4*t + 3*s - 56 = 0. What is the greatest common divisor of 55 and t?
11
Suppose d - 2*d = -22. Suppose 3 = x - 1. Suppose -x*g + 157 = -195. Calculate the greatest common factor of d and g.
22
Suppose 2*y = -5*u - 117, u + 31 = y + 107. Let s = -22 - y. Suppose 0 = -3*k + 17 + s. Calculate the greatest common divisor of k and 33.
11
Let x be ((-756)/(-5) - 2) + 52/65. Let h(u) = u - 1. Let j be h(4). Suppose -2*b = j*s - 7*s + x, -5*b = -25. What is the highest common divisor of s and 10?
10
Let k(j) = 4*j**2 + 2*j + 3. Let u be k(-2). Suppose -4*p + 35 = -385. Calculate the greatest common divisor of u and p.
15
Suppose v + 12 = 5*m, -27 = 5*v - 10*v - 4*m. Suppose 7*q = -v*q + 1100. What is the highest common factor of q and 10?
10
Let o(k) = 16*k**3 + 11*k**2 + 2*k. Let s be o(-2). Let z = s + 99. What is the greatest common divisor of 253 and z?
11
Let x(z) = -z**2 + 16*z + 13. Let d be x(15). What is the highest common divisor of 140 and d?
28
Let p be (-9)/(45/(-170)) - -2. Sup